{"id":3,"date":"2023-09-14T15:47:25","date_gmt":"2023-09-14T13:47:25","guid":{"rendered":"https:\/\/www.carrozzeriacaselle.it\/?page_id=3"},"modified":"2023-11-03T16:08:24","modified_gmt":"2023-11-03T15:08:24","slug":"privacy-policy","status":"publish","type":"page","link":"https:\/\/www.carrozzeriacaselle.it\/index.php\/privacy-policy\/","title":{"rendered":"Privacy Policy"},"content":{"rendered":"\n<p>INFORMATIVA AI SENSI DEL REGOLAMENTO PRIVACY 2018 UE 2016\/679<br>Gentile Cliente,<br>in relazione ai dati personali di cui la ditta Carrozzeria Caselle di De Simone Avotino, con sede in Strada Lein\u00ec 6 10072 Caselle Torinese (TO), <\/p>\n\n\n\n<p>La informiamo di quanto segue:<br>1 TITOLARE DEL TRATTAMENTO DEI DATI<br>Titolare del trattamento dei dati \u00e8 la ditta Carrozzeria Caselle di De Simone Avotino, con sede in Strada Lein\u00ec 6 10072 Caselle Torinese (TO)<br>2 FINALITA\u2019 DEL TRATTAMENTO DEI DATI<br>Il trattamento \u00e8 finalizzato alla corretta e completa esecuzione dell\u2019incarico professionale o contratto ricevuto, sia in<br>ambito giudiziale che in ambito stragiudiziale.<br>3 MODALITA\u2019 DEL TRATTAMENTO DEI DATI<br>Il trattamento dei dati avverr\u00e0 mediante modalit\u00e0 e strumenti idonei a garantire la riservatezza e sar\u00e0 effettuato<br>attraverso mezzi elettronici o comunque automatizzati e attraverso mezzi non automatizzati (cartacei), forniti di adeguate<br>misure di sicurezza. Il trattamento \u00e8 svolto dal titolare e\/o dagli incaricati del trattamento.<br>4 COMUNICAZIONE DEI DATI<br>I dati personali possono venire a conoscenza degli incaricati del trattamento e possono essere comunicati a collaboratori<br>esterni (istituti di credito, studi professionali, consulenti),soggetti operanti nel settore giudiziario, alle controparti e<br>relativi difensori, a collegi di arbitri e, in genere, a tutti quei soggetti cui la comunicazione sia necessaria per il corretto<br>adempimento delle finalit\u00e0 indicate al punto 2.<br>5 DIFFUSIONE DEI DATI<br>I dati personali non son soggetti a diffusione.<br>6 PERIODO DI CONSERVAZIONE DEI DATI<br>Il trattamento dei dati \u00e8 limitato al tempo necessario ad adempiere alle finalit\u00e0 indicate al punto 2, per adempiere agli<br>obblighi contrattuali e fiscali previsti dalla legge, non oltre i dieci anni dalla cessazione del rapporto contrattuale.<br>7 TRASFERIMENTO DEI DATI ALL\u2019ESTERO<br>I dati personali possono essere trasferiti verso paesi dell\u2019Unione Europea e verso paesi terzi nell\u2019ambito delle finalit\u00e0 di<br>cui al punto 2.<br>8 DIRITTI DELL\u2019INTERESSATO<br>L\u2019interessato ha diritto di ottenere dal titolare la conferma dell\u2019esistenza o meno dei propri dati personali e la loro messa<br>a disposizione in forma intelliggibile; l\u2019interessato ha diritto di avere conoscenza dell\u2019origine dei dati, delle finalit\u00e0 e delle<br>modalit\u00e0 del trattamento, della logica applicata al trattamento, degli estremi identificativi del titolare e dei soggetti cui i<br>dati possono essere comunicati; l\u2019interessato ha inoltre il diritto di ottenere l\u2019aggiornamento, la rettifica e l\u2019integrazione<br>dei dati, la cancellazione, la trasformazione in forma anonima o il blocco dei dati trattati in violazione della legge; il<br>titolare ha il diritto di opporsi, per motivi legittimi, al trattamento dei dati.<br>9 RIFIUTO DI CONFERIMENTO DEI DATI<br>Il conferimento dei dati \u00e8 strettamente necessario ai fini dello svolgimento dell\u2019attivit\u00e0 di cui al punto2. L\u2019eventuale rifiuto<br>da parte dell\u2019interessato di conferire dati personali comporta l\u2019impossibilit\u00e0 di adempiere alle attivit\u00e0 di cui al punto 2.<br>Per ricevuta comunicazione e consenso al trattamento dei dati personali<br>Timbro e firma<br>Da restituire allo scrivente, datato, timbrato e firmato<br>Tramite posta indirizzato in Strada Lein\u00ec 6 10072 Caselle Torinese (TO),<br>Pec: carr.caselle@pec.it<\/p>\n\n\n\n<p>Scrivi a all\u2019indirizzo email: amministrazione@carrozzeriacaselle.it<\/p>\n","protected":false},"excerpt":{"rendered":"<p>INFORMATIVA AI SENSI DEL REGOLAMENTO PRIVACY 2018 UE 2016\/679Gentile Cliente,in relazione ai dati personali di cui la ditta Carrozzeria Caselle di De Simone Avotino, con sede in Strada Lein\u00ec 6 10072 Caselle Torinese (TO), La informiamo di quanto segue:1 TITOLARE DEL TRATTAMENTO DEI DATITitolare del trattamento dei dati \u00e8 la ditta Carrozzeria Caselle di De [&hellip;]<\/p>\n","protected":false},"author":1,"featured_media":0,"parent":0,"menu_order":0,"comment_status":"closed","ping_status":"open","template":"page-templates\/page-nosidebars.php","meta":{"footnotes":""},"yoast_head":"<!-- This site is optimized with the Yoast SEO plugin v22.7 - https:\/\/yoast.com\/wordpress\/plugins\/seo\/ -->\r\n<title>Privacy Policy -<\/title>\r\n<meta name=\"description\" content=\"Carrozzeria auto Smontaggio e Rimontaggio Lattoneria Preparazione Verniciatura Lucidatura Montaggio gomme soccorso stradale carro attrezzi\" \/>\r\n<meta name=\"robots\" content=\"index, follow, max-snippet:-1, max-image-preview:large, max-video-preview:-1\" \/>\r\n<link rel=\"canonical\" href=\"https:\/\/www.carrozzeriacaselle.it\/index.php\/privacy-policy\/\" \/>\r\n<meta property=\"og:locale\" content=\"it_IT\" \/>\r\n<meta property=\"og:type\" content=\"article\" \/>\r\n<meta property=\"og:title\" content=\"Privacy Policy -\" \/>\r\n<meta property=\"og:description\" content=\"Carrozzeria auto Smontaggio e Rimontaggio Lattoneria Preparazione Verniciatura Lucidatura Montaggio gomme soccorso stradale carro attrezzi\" \/>\r\n<meta property=\"og:url\" content=\"https:\/\/www.carrozzeriacaselle.it\/index.php\/privacy-policy\/\" \/>\r\n<meta property=\"article:modified_time\" content=\"2023-11-03T15:08:24+00:00\" \/>\r\n<meta name=\"twitter:card\" content=\"summary_large_image\" \/>\r\n<meta name=\"twitter:label1\" content=\"Tempo di lettura stimato\" \/>\n\t<meta name=\"twitter:data1\" content=\"3 minuti\" \/>\r\n<script type=\"application\/ld+json\" class=\"yoast-schema-graph\">{\"@context\":\"https:\/\/schema.org\",\"@graph\":[{\"@type\":\"WebPage\",\"@id\":\"https:\/\/www.carrozzeriacaselle.it\/index.php\/privacy-policy\/\",\"url\":\"https:\/\/www.carrozzeriacaselle.it\/index.php\/privacy-policy\/\",\"name\":\"Privacy Policy -\",\"isPartOf\":{\"@id\":\"https:\/\/www.carrozzeriacaselle.it\/#website\"},\"datePublished\":\"2023-09-14T13:47:25+00:00\",\"dateModified\":\"2023-11-03T15:08:24+00:00\",\"description\":\"Carrozzeria auto Smontaggio e Rimontaggio Lattoneria Preparazione Verniciatura Lucidatura Montaggio gomme soccorso stradale carro attrezzi\",\"inLanguage\":\"it-IT\",\"potentialAction\":[{\"@type\":\"ReadAction\",\"target\":[\"https:\/\/www.carrozzeriacaselle.it\/index.php\/privacy-policy\/\"]}]},{\"@type\":\"WebSite\",\"@id\":\"https:\/\/www.carrozzeriacaselle.it\/#website\",\"url\":\"https:\/\/www.carrozzeriacaselle.it\/\",\"name\":\"\",\"description\":\"Da oltre 30 anni al vostro servizio\",\"potentialAction\":[{\"@type\":\"SearchAction\",\"target\":{\"@type\":\"EntryPoint\",\"urlTemplate\":\"https:\/\/www.carrozzeriacaselle.it\/?s={search_term_string}\"},\"query-input\":\"required name=search_term_string\"}],\"inLanguage\":\"it-IT\"}]}<\/script>\r\n<!-- \/ Yoast SEO plugin. -->","yoast_head_json":{"title":"Privacy Policy -","description":"Carrozzeria auto Smontaggio e Rimontaggio Lattoneria Preparazione Verniciatura Lucidatura Montaggio gomme soccorso stradale carro attrezzi","robots":{"index":"index","follow":"follow","max-snippet":"max-snippet:-1","max-image-preview":"max-image-preview:large","max-video-preview":"max-video-preview:-1"},"canonical":"https:\/\/www.carrozzeriacaselle.it\/index.php\/privacy-policy\/","og_locale":"it_IT","og_type":"article","og_title":"Privacy Policy -","og_description":"Carrozzeria auto Smontaggio e Rimontaggio Lattoneria Preparazione Verniciatura Lucidatura Montaggio gomme soccorso stradale carro attrezzi","og_url":"https:\/\/www.carrozzeriacaselle.it\/index.php\/privacy-policy\/","article_modified_time":"2023-11-03T15:08:24+00:00","twitter_card":"summary_large_image","twitter_misc":{"Tempo di lettura stimato":"3 minuti"},"schema":{"@context":"https:\/\/schema.org","@graph":[{"@type":"WebPage","@id":"https:\/\/www.carrozzeriacaselle.it\/index.php\/privacy-policy\/","url":"https:\/\/www.carrozzeriacaselle.it\/index.php\/privacy-policy\/","name":"Privacy Policy -","isPartOf":{"@id":"https:\/\/www.carrozzeriacaselle.it\/#website"},"datePublished":"2023-09-14T13:47:25+00:00","dateModified":"2023-11-03T15:08:24+00:00","description":"Carrozzeria auto Smontaggio e Rimontaggio Lattoneria Preparazione Verniciatura Lucidatura Montaggio gomme soccorso stradale carro attrezzi","inLanguage":"it-IT","potentialAction":[{"@type":"ReadAction","target":["https:\/\/www.carrozzeriacaselle.it\/index.php\/privacy-policy\/"]}]},{"@type":"WebSite","@id":"https:\/\/www.carrozzeriacaselle.it\/#website","url":"https:\/\/www.carrozzeriacaselle.it\/","name":"","description":"Da oltre 30 anni al vostro servizio","potentialAction":[{"@type":"SearchAction","target":{"@type":"EntryPoint","urlTemplate":"https:\/\/www.carrozzeriacaselle.it\/?s={search_term_string}"},"query-input":"required name=search_term_string"}],"inLanguage":"it-IT"}]}},"_links":{"self":[{"href":"https:\/\/www.carrozzeriacaselle.it\/index.php\/wp-json\/wp\/v2\/pages\/3"}],"collection":[{"href":"https:\/\/www.carrozzeriacaselle.it\/index.php\/wp-json\/wp\/v2\/pages"}],"about":[{"href":"https:\/\/www.carrozzeriacaselle.it\/index.php\/wp-json\/wp\/v2\/types\/page"}],"author":[{"embeddable":true,"href":"https:\/\/www.carrozzeriacaselle.it\/index.php\/wp-json\/wp\/v2\/users\/1"}],"replies":[{"embeddable":true,"href":"https:\/\/www.carrozzeriacaselle.it\/index.php\/wp-json\/wp\/v2\/comments?post=3"}],"version-history":[{"count":0,"href":"https:\/\/www.carrozzeriacaselle.it\/index.php\/wp-json\/wp\/v2\/pages\/3\/revisions"}],"wp:attachment":[{"href":"https:\/\/www.carrozzeriacaselle.it\/index.php\/wp-json\/wp\/v2\/media?parent=3"}],"curies":[{"name":"wp","href":"https:\/\/api.w.org\/{rel}","templated":true}]}}